{"id":308,"date":"1980-06-19T16:28:52","date_gmt":"1980-06-19T19:28:52","guid":{"rendered":"http:\/\/www.ionturismo.com.br\/novo_site\/?post_type=product&#038;p=308"},"modified":"2019-07-22T08:41:34","modified_gmt":"2019-07-22T11:41:34","slug":"prudentopolis","status":"publish","type":"product","link":"https:\/\/www.ionturismo.com.br\/novo_site\/produto\/prudentopolis\/","title":{"rendered":"Cachoeiras Gigantes de Prudent\u00f3polis"},"content":{"rendered":"<p>Conhecida como <i>&#8220;Terra das Cachoeiras Gigantes&#8221;,<\/i> Prudent\u00f3polis possui mais de cem cachoeiras catalogadas, muitas delas com cerca de 80 metros \u00e0 100 metros de altura. A cidade foi colonizada por imigrantes ucranianos que mant\u00e9m viva a sua tradi\u00e7\u00e3o e cultura, presentes no artesanato com bordados e p\u00eassankas (ovos pintados \u00e0 m\u00e3o). Possui igrejas em estilo bizantino, consideradas Patrim\u00f4nio Cultural e Art\u00edstico do Paran\u00e1.<\/p>\n<p>O roteiro oferece um final de semana pr\u00f3ximo a natureza. No primeiro dia, ser\u00e3o contempladas quatro cachoeiras:<\/p>\n<p>* o Salto Bar\u00e3o do Rio Branco (64 metros), onde de sua cabeceira \u00e9 poss\u00edvel visualizar o Vale do Rio dos Patos e tamb\u00e9m a Usina Hidrel\u00e9trica;<br \/>\n* o Salto S\u00e3o Jo\u00e3o (84 metros) onde pode ser visualizado por inteiro num mirante,<br \/>\n* Saltos Mlot e S\u00e3o Sebasti\u00e3o (ambas com 120m de altura), duas cachoeiras que ficam uma de frente a outra em meio a um vale.<\/p>\n<p>Nosso almo\u00e7o ser\u00e1 no Recanto Perehouski, onde visitaremos o Canyon Perehousky formado pela cachoeira de mesmo nome.<\/p>\n<p>A cultura ucraniana poder\u00e1 ser observada na Igreja de S\u00e3o Josafat em estilo bizantino e no artesanato local.<\/p>\n<p>No segundo dia, o atrativo ser\u00e1 o Salto S\u00e3o Francisco, a maior cachoeira do sul do pa\u00eds, com 196 metros. O almo\u00e7o caseiro ser\u00e1 realizado nas depend\u00eancias do parque, que conta com toda infra-estrutura para atender os visitantes.<\/p>\n<p>Ap\u00f3s almo\u00e7o, retorno a Curitiba.<\/p>\n<p>&nbsp;<\/p>\n<p><strong><span style=\"color: #a31416;\">Dist\u00e2ncia:<\/span><\/strong> 203 km de Curitiba<\/p>\n<p><strong><span style=\"color: #a31416;\">N\u00edvel de Dificuldade: <\/span><\/strong>Leve<\/p>\n<p><strong><span style=\"color: #a31416;\">Sa\u00edda:<\/span><\/strong> \u00a0s\u00e1bado pela manh\u00e3 com retorno domingo \u00e0 noite<\/p>\n<p><strong><span style=\"color: #a31416;\">Inclui:<br \/>\n<\/span><\/strong>&#8211; Transporte em van executiva ou \u00f4nibus;<br \/>\n<span style=\"line-height: 1.5em;\">&#8211; Pernoite em hotel com caf\u00e9 da manh\u00e3 (quartos duplos e\/ou triplos);<br \/>\n<\/span>&#8211; 02 almo\u00e7os (s\u00e1bado e domingo);<br \/>\n<span style=\"line-height: 1.5em;\">&#8211; Taxas de entradas nas cachoeiras (as de propriedade particular)<br \/>\n<\/span>&#8211; Guia de Turismo em toda viagem<br \/>\n<span style=\"line-height: 1.5em;\">&#8211; Guia de Turismo local;<br \/>\n<\/span>&#8211; 01 Kit Lanche<br \/>\n&#8211; Seguro Viagem;<\/p>\n<p><strong><span style=\"color: #a31416;\">IMAGENS<\/span><\/strong><\/p>\n<p><span style=\"color: #a31416;\"><span style=\"color: #808080;\">Clique nas imagens para v\u00ea-las maiores.\u00a0<\/span><\/span><\/p>\n<div class=\"gdl-gallery-image shortcode\"><a data-rel=\"fancybox\" data-fancybox-group=\"gal0\" href=\"https:\/\/www.ionturismo.com.br\/novo_site\/wp-content\/uploads\/2014\/04\/ionturismo_prudentopolisl18.jpg\"  title=\"\"><img decoding=\"async\" class=\"gdl-gallery-image\" src=\"https:\/\/www.ionturismo.com.br\/novo_site\/wp-content\/uploads\/2014\/04\/ionturismo_prudentopolisl18-150x150.jpg\" alt=\"\" \/><\/a><\/div>\n<div class=\"gdl-gallery-image shortcode\"><a data-rel=\"fancybox\" data-fancybox-group=\"gal0\" href=\"https:\/\/www.ionturismo.com.br\/novo_site\/wp-content\/uploads\/2014\/04\/ionturismo_prudentopolisl16.jpg\"  title=\"\"><img decoding=\"async\" class=\"gdl-gallery-image\" src=\"https:\/\/www.ionturismo.com.br\/novo_site\/wp-content\/uploads\/2014\/04\/ionturismo_prudentopolisl16-150x150.jpg\" alt=\"\" \/><\/a><\/div>\n<div class=\"gdl-gallery-image shortcode\"><a data-rel=\"fancybox\" data-fancybox-group=\"gal0\" href=\"https:\/\/www.ionturismo.com.br\/novo_site\/wp-content\/uploads\/2014\/04\/ionturismo_prudentopolisl9.jpg\"  title=\"\"><img decoding=\"async\" class=\"gdl-gallery-image\" src=\"https:\/\/www.ionturismo.com.br\/novo_site\/wp-content\/uploads\/2014\/04\/ionturismo_prudentopolisl9-150x150.jpg\" alt=\"\" \/><\/a><\/div>\n<div class=\"gdl-gallery-image shortcode\"><a data-rel=\"fancybox\" data-fancybox-group=\"gal0\" href=\"https:\/\/www.ionturismo.com.br\/novo_site\/wp-content\/uploads\/2014\/04\/ionturismo_prudentopolisl10.jpg\"  title=\"\"><img decoding=\"async\" class=\"gdl-gallery-image\" src=\"https:\/\/www.ionturismo.com.br\/novo_site\/wp-content\/uploads\/2014\/04\/ionturismo_prudentopolisl10-150x150.jpg\" alt=\"\" \/><\/a><\/div>\n<div class=\"gdl-gallery-image shortcode\"><a data-rel=\"fancybox\" data-fancybox-group=\"gal0\" href=\"https:\/\/www.ionturismo.com.br\/novo_site\/wp-content\/uploads\/2014\/04\/ionturismo_prudentopolisl2.jpg\"  title=\"\"><img decoding=\"async\" class=\"gdl-gallery-image\" src=\"https:\/\/www.ionturismo.com.br\/novo_site\/wp-content\/uploads\/2014\/04\/ionturismo_prudentopolisl2-150x150.jpg\" alt=\"\" \/><\/a><\/div>\n<div class=\"gdl-gallery-image shortcode\"><a data-rel=\"fancybox\" data-fancybox-group=\"gal0\" href=\"https:\/\/www.ionturismo.com.br\/novo_site\/wp-content\/uploads\/2014\/04\/ionturismo_prudentopolisl1.jpg\"  title=\"\"><img decoding=\"async\" class=\"gdl-gallery-image\" src=\"https:\/\/www.ionturismo.com.br\/novo_site\/wp-content\/uploads\/2014\/04\/ionturismo_prudentopolisl1-150x150.jpg\" alt=\"\" \/><\/a><\/div>\n<div class=\"gdl-gallery-image shortcode\"><a data-rel=\"fancybox\" data-fancybox-group=\"gal0\" href=\"https:\/\/www.ionturismo.com.br\/novo_site\/wp-content\/uploads\/2014\/04\/ionturismo_prudentopolisl6.jpg\"  title=\"\"><img decoding=\"async\" class=\"gdl-gallery-image\" src=\"https:\/\/www.ionturismo.com.br\/novo_site\/wp-content\/uploads\/2014\/04\/ionturismo_prudentopolisl6-150x150.jpg\" alt=\"\" \/><\/a><\/div>\n<div class=\"gdl-gallery-image shortcode\"><a data-rel=\"fancybox\" data-fancybox-group=\"gal0\" href=\"https:\/\/www.ionturismo.com.br\/novo_site\/wp-content\/uploads\/2014\/04\/ionturismo_prudentopolisl12.jpg\"  title=\"\"><img decoding=\"async\" class=\"gdl-gallery-image\" src=\"https:\/\/www.ionturismo.com.br\/novo_site\/wp-content\/uploads\/2014\/04\/ionturismo_prudentopolisl12-150x150.jpg\" alt=\"\" \/><\/a><\/div>\n<div class=\"gdl-gallery-image shortcode\"><a data-rel=\"fancybox\" data-fancybox-group=\"gal0\" href=\"https:\/\/www.ionturismo.com.br\/novo_site\/wp-content\/uploads\/2014\/04\/ionturismo_prudentopolisl4.jpg\"  title=\"\"><img decoding=\"async\" class=\"gdl-gallery-image\" src=\"https:\/\/www.ionturismo.com.br\/novo_site\/wp-content\/uploads\/2014\/04\/ionturismo_prudentopolisl4-150x150.jpg\" alt=\"\" \/><\/a><\/div>\n<div class=\"gdl-gallery-image shortcode\"><a data-rel=\"fancybox\" data-fancybox-group=\"gal0\" href=\"https:\/\/www.ionturismo.com.br\/novo_site\/wp-content\/uploads\/2014\/04\/ionturismo_prudentopolisl11.jpg\"  title=\"\"><img decoding=\"async\" class=\"gdl-gallery-image\" src=\"https:\/\/www.ionturismo.com.br\/novo_site\/wp-content\/uploads\/2014\/04\/ionturismo_prudentopolisl11-150x150.jpg\" alt=\"\" \/><\/a><\/div>\n<div class=\"gdl-gallery-image shortcode\"><a data-rel=\"fancybox\" data-fancybox-group=\"gal0\" href=\"https:\/\/www.ionturismo.com.br\/novo_site\/wp-content\/uploads\/2014\/04\/ionturismo_prudentopolisl15.jpg\"  title=\"\"><img decoding=\"async\" class=\"gdl-gallery-image\" src=\"https:\/\/www.ionturismo.com.br\/novo_site\/wp-content\/uploads\/2014\/04\/ionturismo_prudentopolisl15-150x150.jpg\" alt=\"\" \/><\/a><\/div>\n<div class=\"gdl-gallery-image shortcode\"><a data-rel=\"fancybox\" data-fancybox-group=\"gal0\" href=\"https:\/\/www.ionturismo.com.br\/novo_site\/wp-content\/uploads\/2014\/04\/ionturismo_prudentopolisl14.jpg\"  title=\"\"><img decoding=\"async\" class=\"gdl-gallery-image\" src=\"https:\/\/www.ionturismo.com.br\/novo_site\/wp-content\/uploads\/2014\/04\/ionturismo_prudentopolisl14-150x150.jpg\" alt=\"\" \/><\/a><\/div>\n<div class=\"gdl-gallery-image shortcode\"><a data-rel=\"fancybox\" data-fancybox-group=\"gal0\" href=\"https:\/\/www.ionturismo.com.br\/novo_site\/wp-content\/uploads\/2014\/04\/ionturismo_prudentopolisl7.jpg\"  title=\"\"><img decoding=\"async\" class=\"gdl-gallery-image\" src=\"https:\/\/www.ionturismo.com.br\/novo_site\/wp-content\/uploads\/2014\/04\/ionturismo_prudentopolisl7-150x150.jpg\" alt=\"\" \/><\/a><\/div>\n<div class=\"gdl-gallery-image shortcode\"><a data-rel=\"fancybox\" data-fancybox-group=\"gal0\" href=\"https:\/\/www.ionturismo.com.br\/novo_site\/wp-content\/uploads\/2014\/04\/ionturismo_prudentopolisl3.jpg\"  title=\"\"><img decoding=\"async\" class=\"gdl-gallery-image\" src=\"https:\/\/www.ionturismo.com.br\/novo_site\/wp-content\/uploads\/2014\/04\/ionturismo_prudentopolisl3-150x150.jpg\" alt=\"\" \/><\/a><\/div>\n<div class=\"gdl-gallery-image shortcode\"><a data-rel=\"fancybox\" data-fancybox-group=\"gal0\" href=\"https:\/\/www.ionturismo.com.br\/novo_site\/wp-content\/uploads\/2014\/04\/ionturismo_prudentopolisl17.jpg\"  title=\"\"><img decoding=\"async\" class=\"gdl-gallery-image\" src=\"https:\/\/www.ionturismo.com.br\/novo_site\/wp-content\/uploads\/2014\/04\/ionturismo_prudentopolisl17-150x150.jpg\" alt=\"\" \/><\/a><\/div>\n<div class=\"gdl-gallery-image shortcode\"><a data-rel=\"fancybox\" data-fancybox-group=\"gal0\" href=\"https:\/\/www.ionturismo.com.br\/novo_site\/wp-content\/uploads\/2014\/04\/ionturismo_prudentopolisl8.jpg\"  title=\"\"><img decoding=\"async\" class=\"gdl-gallery-image\" src=\"https:\/\/www.ionturismo.com.br\/novo_site\/wp-content\/uploads\/2014\/04\/ionturismo_prudentopolisl8-150x150.jpg\" alt=\"\" \/><\/a><\/div>\n<div class=\"gdl-gallery-image shortcode\"><a data-rel=\"fancybox\" data-fancybox-group=\"gal0\" href=\"https:\/\/www.ionturismo.com.br\/novo_site\/wp-content\/uploads\/2014\/04\/ionturismo_prudentopolisl5.jpg\"  title=\"\"><img decoding=\"async\" class=\"gdl-gallery-image\" src=\"https:\/\/www.ionturismo.com.br\/novo_site\/wp-content\/uploads\/2014\/04\/ionturismo_prudentopolisl5-150x150.jpg\" alt=\"\" \/><\/a><\/div>\n<div class=\"clear\"><\/div>\n<p><i>&#8220;Viaje Legal&#8221; &#8211; CADASTUR: 18.051733.10.0001-3 \/ ION Turismo Ltda.<\/i><\/p>\n","protected":false},"excerpt":{"rendered":"<p>Conhecida como &#8220;Terra das Cachoeiras Gigantes&#8221;, Prudent\u00f3polis possui mais de cem cachoeiras catalogadas, muitas delas com cerca de 80 metros \u00e0 100 metros de altura. A cidade foi colonizada por imigrantes ucranianos que mant\u00e9m viva a sua tradi\u00e7\u00e3o e cultura, presentes no artesanato com bordados e p\u00eassankas (ovos pintados \u00e0 m\u00e3o). Possui igrejas em estilo bizantino, consideradas Patrim\u00f4nio Cultural e Art\u00edstico do Paran\u00e1. O roteiro oferece um final de semana pr\u00f3ximo a natureza. No primeiro dia, ser\u00e3o contempladas quatro cachoeiras: * o Salto Bar\u00e3o do Rio Branco (64 metros), onde de sua cabeceira \u00e9 poss\u00edvel visualizar o Vale do Rio dos Patos e tamb\u00e9m a Usina Hidrel\u00e9trica; * o Salto S\u00e3o Jo\u00e3o (84 metros) onde pode ser visualizado por inteiro num mirante, * Saltos Mlot e S\u00e3o Sebasti\u00e3o (ambas com 120m de altura), duas cachoeiras que ficam uma de frente a outra em meio a um vale. Nosso almo\u00e7o ser\u00e1 no Recanto Perehouski, onde visitaremos o Canyon Perehousky formado pela cachoeira de mesmo nome. A cultura ucraniana poder\u00e1 ser observada na Igreja de S\u00e3o Josafat em estilo bizantino e no artesanato local. No segundo dia, o atrativo ser\u00e1 o Salto S\u00e3o Francisco, a maior cachoeira do sul do pa\u00eds, com 196 metros. O almo\u00e7o caseiro ser\u00e1 realizado nas depend\u00eancias do parque, que conta com toda infra-estrutura para atender os visitantes. Ap\u00f3s almo\u00e7o, retorno a Curitiba. &nbsp; Dist\u00e2ncia: 203 km de Curitiba N\u00edvel de Dificuldade: Leve Sa\u00edda: \u00a0s\u00e1bado pela manh\u00e3 com retorno domingo \u00e0 noite Inclui: &#8211; Transporte em van executiva ou \u00f4nibus; &#8211; Pernoite em hotel com caf\u00e9 da manh\u00e3 (quartos duplos e\/ou triplos); &#8211; 02 almo\u00e7os (s\u00e1bado e domingo); &#8211; Taxas de entradas nas cachoeiras (as de propriedade particular) &#8211; Guia de Turismo em toda viagem &#8211; Guia de Turismo local; &#8211; 01 Kit Lanche &#8211; Seguro Viagem; IMAGENS Clique nas imagens para v\u00ea-las maiores.\u00a0 &#8220;Viaje Legal&#8221; &#8211; CADASTUR: 18.051733.10.0001-3 \/ ION Turismo Ltda.<\/p>\n","protected":false},"featured_media":218,"comment_status":"open","ping_status":"closed","template":"","meta":{"ngg_post_thumbnail":0},"product_brand":[],"product_cat":[66],"product_tag":[],"class_list":{"0":"post-308","1":"product","2":"type-product","3":"status-publish","4":"has-post-thumbnail","6":"product_cat-sem-categoria","8":"first","9":"onbackorder","10":"virtual","11":"product-type-simple"},"yoast_head":"<!-- This site is optimized with the Yoast SEO plugin v27.2 - https:\/\/yoast.com\/product\/yoast-seo-wordpress\/ -->\n<title>Cachoeiras Gigantes de Prudent\u00f3polis - ION Turismo<\/title>\n<meta name=\"robots\" content=\"index, follow, max-snippet:-1, max-image-preview:large, max-video-preview:-1\" \/>\n<link rel=\"canonical\" href=\"https:\/\/www.ionturismo.com.br\/novo_site\/produto\/prudentopolis\/\" \/>\n<meta property=\"og:locale\" content=\"pt_BR\" \/>\n<meta property=\"og:type\" content=\"article\" \/>\n<meta property=\"og:title\" content=\"Cachoeiras Gigantes de Prudent\u00f3polis - ION Turismo\" \/>\n<meta property=\"og:description\" content=\"Conhecida como &#8220;Terra das Cachoeiras Gigantes&#8221;, Prudent\u00f3polis possui mais de cem cachoeiras catalogadas, muitas delas com cerca de 80 metros \u00e0 100 metros de altura. A cidade foi colonizada por imigrantes ucranianos que mant\u00e9m viva a sua tradi\u00e7\u00e3o e cultura, presentes no artesanato com bordados e p\u00eassankas (ovos pintados \u00e0 m\u00e3o). Possui igrejas em estilo bizantino, consideradas Patrim\u00f4nio Cultural e Art\u00edstico do Paran\u00e1. O roteiro oferece um final de semana pr\u00f3ximo a natureza. No primeiro dia, ser\u00e3o contempladas quatro cachoeiras: * o Salto Bar\u00e3o do Rio Branco (64 metros), onde de sua cabeceira \u00e9 poss\u00edvel visualizar o Vale do Rio dos Patos e tamb\u00e9m a Usina Hidrel\u00e9trica; * o Salto S\u00e3o Jo\u00e3o (84 metros) onde pode ser visualizado por inteiro num mirante, * Saltos Mlot e S\u00e3o Sebasti\u00e3o (ambas com 120m de altura), duas cachoeiras que ficam uma de frente a outra em meio a um vale. Nosso almo\u00e7o ser\u00e1 no Recanto Perehouski, onde visitaremos o Canyon Perehousky formado pela cachoeira de mesmo nome. A cultura ucraniana poder\u00e1 ser observada na Igreja de S\u00e3o Josafat em estilo bizantino e no artesanato local. No segundo dia, o atrativo ser\u00e1 o Salto S\u00e3o Francisco, a maior cachoeira do sul do pa\u00eds, com 196 metros. O almo\u00e7o caseiro ser\u00e1 realizado nas depend\u00eancias do parque, que conta com toda infra-estrutura para atender os visitantes. Ap\u00f3s almo\u00e7o, retorno a Curitiba. &nbsp; Dist\u00e2ncia: 203 km de Curitiba N\u00edvel de Dificuldade: Leve Sa\u00edda: \u00a0s\u00e1bado pela manh\u00e3 com retorno domingo \u00e0 noite Inclui: &#8211; Transporte em van executiva ou \u00f4nibus; &#8211; Pernoite em hotel com caf\u00e9 da manh\u00e3 (quartos duplos e\/ou triplos); &#8211; 02 almo\u00e7os (s\u00e1bado e domingo); &#8211; Taxas de entradas nas cachoeiras (as de propriedade particular) &#8211; Guia de Turismo em toda viagem &#8211; Guia de Turismo local; &#8211; 01 Kit Lanche &#8211; Seguro Viagem; IMAGENS Clique nas imagens para v\u00ea-las maiores.\u00a0 &#8220;Viaje Legal&#8221; &#8211; CADASTUR: 18.051733.10.0001-3 \/ ION Turismo Ltda.\" \/>\n<meta property=\"og:url\" content=\"https:\/\/www.ionturismo.com.br\/novo_site\/produto\/prudentopolis\/\" \/>\n<meta property=\"og:site_name\" content=\"ION Turismo\" \/>\n<meta property=\"article:modified_time\" content=\"2019-07-22T11:41:34+00:00\" \/>\n<meta property=\"og:image\" content=\"https:\/\/www.ionturismo.com.br\/novo_site\/wp-content\/uploads\/2014\/04\/ionturismo_prudentopolisl131.jpg\" \/>\n\t<meta property=\"og:image:width\" content=\"640\" \/>\n\t<meta property=\"og:image:height\" content=\"480\" \/>\n\t<meta property=\"og:image:type\" content=\"image\/jpeg\" \/>\n<meta name=\"twitter:label1\" content=\"Est. tempo de leitura\" \/>\n\t<meta name=\"twitter:data1\" content=\"2 minutos\" \/>\n<script type=\"application\/ld+json\" class=\"yoast-schema-graph\">{\"@context\":\"https:\/\/schema.org\",\"@graph\":[{\"@type\":\"WebPage\",\"@id\":\"https:\/\/www.ionturismo.com.br\/novo_site\/produto\/prudentopolis\/\",\"url\":\"https:\/\/www.ionturismo.com.br\/novo_site\/produto\/prudentopolis\/\",\"name\":\"Cachoeiras Gigantes de Prudent\u00f3polis - ION Turismo\",\"isPartOf\":{\"@id\":\"https:\/\/www.ionturismo.com.br\/novo_site\/#website\"},\"primaryImageOfPage\":{\"@id\":\"https:\/\/www.ionturismo.com.br\/novo_site\/produto\/prudentopolis\/#primaryimage\"},\"image\":{\"@id\":\"https:\/\/www.ionturismo.com.br\/novo_site\/produto\/prudentopolis\/#primaryimage\"},\"thumbnailUrl\":\"https:\/\/www.ionturismo.com.br\/novo_site\/wp-content\/uploads\/2014\/04\/ionturismo_prudentopolisl131.jpg\",\"datePublished\":\"1980-06-19T19:28:52+00:00\",\"dateModified\":\"2019-07-22T11:41:34+00:00\",\"breadcrumb\":{\"@id\":\"https:\/\/www.ionturismo.com.br\/novo_site\/produto\/prudentopolis\/#breadcrumb\"},\"inLanguage\":\"pt-BR\",\"potentialAction\":[{\"@type\":\"ReadAction\",\"target\":[\"https:\/\/www.ionturismo.com.br\/novo_site\/produto\/prudentopolis\/\"]}]},{\"@type\":\"ImageObject\",\"inLanguage\":\"pt-BR\",\"@id\":\"https:\/\/www.ionturismo.com.br\/novo_site\/produto\/prudentopolis\/#primaryimage\",\"url\":\"https:\/\/www.ionturismo.com.br\/novo_site\/wp-content\/uploads\/2014\/04\/ionturismo_prudentopolisl131.jpg\",\"contentUrl\":\"https:\/\/www.ionturismo.com.br\/novo_site\/wp-content\/uploads\/2014\/04\/ionturismo_prudentopolisl131.jpg\",\"width\":640,\"height\":480},{\"@type\":\"BreadcrumbList\",\"@id\":\"https:\/\/www.ionturismo.com.br\/novo_site\/produto\/prudentopolis\/#breadcrumb\",\"itemListElement\":[{\"@type\":\"ListItem\",\"position\":1,\"name\":\"In\u00edcio\",\"item\":\"https:\/\/www.ionturismo.com.br\/novo_site\/\"},{\"@type\":\"ListItem\",\"position\":2,\"name\":\"Cachoeiras Gigantes de Prudent\u00f3polis\"}]},{\"@type\":\"WebSite\",\"@id\":\"https:\/\/www.ionturismo.com.br\/novo_site\/#website\",\"url\":\"https:\/\/www.ionturismo.com.br\/novo_site\/\",\"name\":\"ION Turismo\",\"description\":\"O que o Paran\u00e1 e Regi\u00e3o tem de Melhor.\",\"potentialAction\":[{\"@type\":\"SearchAction\",\"target\":{\"@type\":\"EntryPoint\",\"urlTemplate\":\"https:\/\/www.ionturismo.com.br\/novo_site\/?s={search_term_string}\"},\"query-input\":{\"@type\":\"PropertyValueSpecification\",\"valueRequired\":true,\"valueName\":\"search_term_string\"}}],\"inLanguage\":\"pt-BR\"}]}<\/script>\n<!-- \/ Yoast SEO plugin. -->","yoast_head_json":{"title":"Cachoeiras Gigantes de Prudent\u00f3polis - ION Turismo","robots":{"index":"index","follow":"follow","max-snippet":"max-snippet:-1","max-image-preview":"max-image-preview:large","max-video-preview":"max-video-preview:-1"},"canonical":"https:\/\/www.ionturismo.com.br\/novo_site\/produto\/prudentopolis\/","og_locale":"pt_BR","og_type":"article","og_title":"Cachoeiras Gigantes de Prudent\u00f3polis - ION Turismo","og_description":"Conhecida como &#8220;Terra das Cachoeiras Gigantes&#8221;, Prudent\u00f3polis possui mais de cem cachoeiras catalogadas, muitas delas com cerca de 80 metros \u00e0 100 metros de altura. A cidade foi colonizada por imigrantes ucranianos que mant\u00e9m viva a sua tradi\u00e7\u00e3o e cultura, presentes no artesanato com bordados e p\u00eassankas (ovos pintados \u00e0 m\u00e3o). Possui igrejas em estilo bizantino, consideradas Patrim\u00f4nio Cultural e Art\u00edstico do Paran\u00e1. O roteiro oferece um final de semana pr\u00f3ximo a natureza. No primeiro dia, ser\u00e3o contempladas quatro cachoeiras: * o Salto Bar\u00e3o do Rio Branco (64 metros), onde de sua cabeceira \u00e9 poss\u00edvel visualizar o Vale do Rio dos Patos e tamb\u00e9m a Usina Hidrel\u00e9trica; * o Salto S\u00e3o Jo\u00e3o (84 metros) onde pode ser visualizado por inteiro num mirante, * Saltos Mlot e S\u00e3o Sebasti\u00e3o (ambas com 120m de altura), duas cachoeiras que ficam uma de frente a outra em meio a um vale. Nosso almo\u00e7o ser\u00e1 no Recanto Perehouski, onde visitaremos o Canyon Perehousky formado pela cachoeira de mesmo nome. A cultura ucraniana poder\u00e1 ser observada na Igreja de S\u00e3o Josafat em estilo bizantino e no artesanato local. No segundo dia, o atrativo ser\u00e1 o Salto S\u00e3o Francisco, a maior cachoeira do sul do pa\u00eds, com 196 metros. O almo\u00e7o caseiro ser\u00e1 realizado nas depend\u00eancias do parque, que conta com toda infra-estrutura para atender os visitantes. Ap\u00f3s almo\u00e7o, retorno a Curitiba. &nbsp; Dist\u00e2ncia: 203 km de Curitiba N\u00edvel de Dificuldade: Leve Sa\u00edda: \u00a0s\u00e1bado pela manh\u00e3 com retorno domingo \u00e0 noite Inclui: &#8211; Transporte em van executiva ou \u00f4nibus; &#8211; Pernoite em hotel com caf\u00e9 da manh\u00e3 (quartos duplos e\/ou triplos); &#8211; 02 almo\u00e7os (s\u00e1bado e domingo); &#8211; Taxas de entradas nas cachoeiras (as de propriedade particular) &#8211; Guia de Turismo em toda viagem &#8211; Guia de Turismo local; &#8211; 01 Kit Lanche &#8211; Seguro Viagem; IMAGENS Clique nas imagens para v\u00ea-las maiores.\u00a0 &#8220;Viaje Legal&#8221; &#8211; CADASTUR: 18.051733.10.0001-3 \/ ION Turismo Ltda.","og_url":"https:\/\/www.ionturismo.com.br\/novo_site\/produto\/prudentopolis\/","og_site_name":"ION Turismo","article_modified_time":"2019-07-22T11:41:34+00:00","og_image":[{"width":640,"height":480,"url":"https:\/\/www.ionturismo.com.br\/novo_site\/wp-content\/uploads\/2014\/04\/ionturismo_prudentopolisl131.jpg","type":"image\/jpeg"}],"twitter_misc":{"Est. tempo de leitura":"2 minutos"},"schema":{"@context":"https:\/\/schema.org","@graph":[{"@type":"WebPage","@id":"https:\/\/www.ionturismo.com.br\/novo_site\/produto\/prudentopolis\/","url":"https:\/\/www.ionturismo.com.br\/novo_site\/produto\/prudentopolis\/","name":"Cachoeiras Gigantes de Prudent\u00f3polis - ION Turismo","isPartOf":{"@id":"https:\/\/www.ionturismo.com.br\/novo_site\/#website"},"primaryImageOfPage":{"@id":"https:\/\/www.ionturismo.com.br\/novo_site\/produto\/prudentopolis\/#primaryimage"},"image":{"@id":"https:\/\/www.ionturismo.com.br\/novo_site\/produto\/prudentopolis\/#primaryimage"},"thumbnailUrl":"https:\/\/www.ionturismo.com.br\/novo_site\/wp-content\/uploads\/2014\/04\/ionturismo_prudentopolisl131.jpg","datePublished":"1980-06-19T19:28:52+00:00","dateModified":"2019-07-22T11:41:34+00:00","breadcrumb":{"@id":"https:\/\/www.ionturismo.com.br\/novo_site\/produto\/prudentopolis\/#breadcrumb"},"inLanguage":"pt-BR","potentialAction":[{"@type":"ReadAction","target":["https:\/\/www.ionturismo.com.br\/novo_site\/produto\/prudentopolis\/"]}]},{"@type":"ImageObject","inLanguage":"pt-BR","@id":"https:\/\/www.ionturismo.com.br\/novo_site\/produto\/prudentopolis\/#primaryimage","url":"https:\/\/www.ionturismo.com.br\/novo_site\/wp-content\/uploads\/2014\/04\/ionturismo_prudentopolisl131.jpg","contentUrl":"https:\/\/www.ionturismo.com.br\/novo_site\/wp-content\/uploads\/2014\/04\/ionturismo_prudentopolisl131.jpg","width":640,"height":480},{"@type":"BreadcrumbList","@id":"https:\/\/www.ionturismo.com.br\/novo_site\/produto\/prudentopolis\/#breadcrumb","itemListElement":[{"@type":"ListItem","position":1,"name":"In\u00edcio","item":"https:\/\/www.ionturismo.com.br\/novo_site\/"},{"@type":"ListItem","position":2,"name":"Cachoeiras Gigantes de Prudent\u00f3polis"}]},{"@type":"WebSite","@id":"https:\/\/www.ionturismo.com.br\/novo_site\/#website","url":"https:\/\/www.ionturismo.com.br\/novo_site\/","name":"ION Turismo","description":"O que o Paran\u00e1 e Regi\u00e3o tem de Melhor.","potentialAction":[{"@type":"SearchAction","target":{"@type":"EntryPoint","urlTemplate":"https:\/\/www.ionturismo.com.br\/novo_site\/?s={search_term_string}"},"query-input":{"@type":"PropertyValueSpecification","valueRequired":true,"valueName":"search_term_string"}}],"inLanguage":"pt-BR"}]}},"_links":{"self":[{"href":"https:\/\/www.ionturismo.com.br\/novo_site\/wp-json\/wp\/v2\/product\/308","targetHints":{"allow":["GET"]}}],"collection":[{"href":"https:\/\/www.ionturismo.com.br\/novo_site\/wp-json\/wp\/v2\/product"}],"about":[{"href":"https:\/\/www.ionturismo.com.br\/novo_site\/wp-json\/wp\/v2\/types\/product"}],"replies":[{"embeddable":true,"href":"https:\/\/www.ionturismo.com.br\/novo_site\/wp-json\/wp\/v2\/comments?post=308"}],"wp:featuredmedia":[{"embeddable":true,"href":"https:\/\/www.ionturismo.com.br\/novo_site\/wp-json\/wp\/v2\/media\/218"}],"wp:attachment":[{"href":"https:\/\/www.ionturismo.com.br\/novo_site\/wp-json\/wp\/v2\/media?parent=308"}],"wp:term":[{"taxonomy":"product_brand","embeddable":true,"href":"https:\/\/www.ionturismo.com.br\/novo_site\/wp-json\/wp\/v2\/product_brand?post=308"},{"taxonomy":"product_cat","embeddable":true,"href":"https:\/\/www.ionturismo.com.br\/novo_site\/wp-json\/wp\/v2\/product_cat?post=308"},{"taxonomy":"product_tag","embeddable":true,"href":"https:\/\/www.ionturismo.com.br\/novo_site\/wp-json\/wp\/v2\/product_tag?post=308"}],"curies":[{"name":"wp","href":"https:\/\/api.w.org\/{rel}","templated":true}]}}